ase 10?
-131085
99a8 (base 14) to base 12
13494
a61844 (base 12) to base 16
27e974
-1524550 (base 6) to base 3
-11112100210
Convert 11880438 (base 9) to base 14.
ac021b
What is -1143303234 (base 5) in base 13?
-73cac0
Convert -87729 (base 15) to base 14.
-b2b15
What is -143120141 (base 5) in base 3?
-1102022212112
Convert 1000101111001011 (base 2) to base 15.
a90c
Convert 2103735 (base 8) to base 3.
1001101220021
-232222300 (base 4) to base 5
-22104102
3239ab (base 13) to base 4
10133321312
-1331102130 (base 4) to base 2
-1111101010010011100
Convert -2341400 (base 8) to base 2.
-10011100001100000000
Convert 11111010100111101001101 (base 2) to base 3.
120110020011022
-108553 (base 10) to base 4
-122200021
Convert 20122221013 (base 4) to base 6.
115142131
What is -620329 (base 10) in base 4?
-2113130221
What is 211461 (base 8) in base 3?
10120122020
Convert 17263b (base 14) to base 12.
3328b9
Convert 152756 (base 10) to base 7.
1204232
What is -1101110010100100 (base 2) in base 11?
-3948a
-525452 (base 7) to base 10
-90785
What is -5c664a (base 16) in base 11?
-3466649
Convert 755a (base 14) to base 3.
1000210200
What is -226907 (base 10) in base 8?
-673133
What is 10022021200210 (base 3) in base 7?
20636415
3c0da (base 14) to base 10
148368
Convert 5755651 (base 8) to base 7.
16201326
-310112303 (base 4) to base 3
-101220011122
What is -1021110001 (base 3) in base 9?
-37401
Convert -247724 (base 8) to base 12.
-41904
Convert 302330013 (base 5) to base 14.
2387b9
15c6c (base 15) to base 12
34826
Convert 121882 (base 9) to base 5.
4323442
Convert -1021300031 (base 4) to base 2.
-1001001110000001101
What is -3364513 (base 10) in base 16?
-3356a1
Convert -817611 (base 10) to base 2.
-11000111100111001011
What is -323332013 (base 4) in base 8?
-737607
Convert -21200000210 (base 3) to base 12.
-73410
Convert -1000111011110011001101011 (base 2) to base 12.
-6337037
3679915 (base 10) to base 4
32002122223
What is -1682543 (base 9) in base 6?
-32052233
16cee3 (base 15) to base 12
454750
-123103341 (base 6) to base 2
-1001000111000000101101
Convert d260c (base 15) to base 9.
1224813
-100211110112 (base 3) to base 2
-101111001111110011
-500605 (base 8) to base 5
-20223404
350451 (base 6) to base 2
111010100011111
-3212412214 (base 5) to base 2
-11001110011001110101010
20044020 (base 5) to base 2
100110111000011100
35021052 (base 6) to base 4
10012223120
What is 79645 (base 13) in base 7?
1606435
What is -387438 (base 10) in base 13?
-10746c
What is 112211221000 (base 3) in base 13?
a3059
102013233 (base 5) to base 9
714146
Convert -64081 (base 9) to base 6.
-524031
1a1f1 (base 16) to base 6
2143201
Convert -580a59 (base 13) to base 2.
-111111101011100111101
123133330 (base 4) to base 16
1b7fc
What is 233103321210 (base 4) in base 2?
101111010011111001100100
What is 50eee (base 15) in base 9?
430758
Convert -2b95a (base 15) to base 13.
-4bc37
Convert 684b8b (base 13) to base 8.
11322300
What is -11443214230 (base 5) in base 12?
-46a2229
What is b2be60 (base 16) in base 4?
230223321200
11c21 (base 15) to base 8
156633
253aab (base 12) to base 13
183a2b
3d54 (base 15) to base 7
53164
Convert -101535106 (base 7) to base 4.
-112302312202
What is 5a581 (base 14) in base 10?
220613
-31361161 (base 7) to base 2
-1010000111110101100100
Convert 110841 (base 10) to base 16.
1b0f9
Convert 110021101 (base 4) to base 16.
14251
276ce1 (base 15) to base 13
515182
What is 8688 (base 15) in base 8?
67476
What is -600145 (base 7) in base 13?
-36c25
Convert -42033551 (base 6) to base 16.
-12950b
What is -2102111211 (base 3) in base 5?
-3012013
What is 22311101323 (base 4) in base 9?
5307264
What is 3557671 (base 8) in base 2?
11101101111110111001
-70712 (base 10) to base 13
-26255
Convert 66421 (base 13) to base 8.
551643
Convert 211021212202101 (base 3) to base 2.
101101001100010010010000
Convert 1001000110001110000101 (base 2) to base 13.
656611
What is 49478 (base 13) in base 10?
134792
Convert -440604 (base 7) to base 14.
-20174
What is 511205 (base 6) in base 9?
61455
What is -42431540 (base 6) in base 13?
-349350
-19028 (base 12) to base 16
-8de0
What is -2205041 (base 8) in base 10?
-592417
717287 (base 9) to base 10
425248
Convert -23623632 (base 9) to base 12.
-3a4080b
Convert 410694 (base 14) to base 9.
4108454
-111011001101001010 (base 2) to base 3
-110022122201
Convert -11011100122022 (base 3) to base 6.
-115222312
What is -13202330223 (base 4) in base 6?
-110222043
-b58 (base 13) to base 14
-9c0
Convert 762f9 (base 16) to base 4.
1312023321
What is -133692 (base 13) in base 11?
-298155
What is -830001 (base 11) in base 13?
-378581
Convert 1013223 (base 7) to base 16.
1d96a
bb2c6 (base 13) to base 14
8b6aa
-16764133 (base 8) to base 14
-742b23
155c77 (base 14) to base 15
eb0db
Convert -1100000100001011100010 (base 2) to base 13.
-869812
What is -25721 (base 12) in base 16?
-c7c9
What is -aca9 (base 15) in base 11?
-25561
What is 4328804 (base 10) in base 14?
8097a4
What is 1100010100001100010101 (base 2) in base 8?
14241425
Convert 3045656 (base 7) to base 6.
11451545
Convert 1888a02 (base 11) to base 12.
1099565
What is 10022002111 (base 3) in base 6?
1220404
10122020 (base 5) to base 12
3ba88
25bb7a (base 13) to base 14
19a286
Convert 446422 (base 9) to base 12.
10a732
Convert -75814a (base 13) to base 15.
-397a28
Convert -22133201 (base 5) to base 14.
-50446
Convert -1121421010 (base 5) to base 12.
-a1ba01
Convert 10124 (base 14) to base 4.
21123310
649178 (base 10) to base 9
1188448
What is -121a01 (base 13) in base 2?
-1101001100010101111
-639dfb (base 16) to base 9
-13250376
12020001002200 (base 3) to base 2
1010100101110000101000
What is -76c22 (base 13) in base 4?
-310201331
103110334 (base 5) to base 11
281652
130103021 (base 4) to base 8
342311
1061766 (base 15) to base 14
17a78cd
Convert -4e42 (base 15) to base 11.
-11613
Convert 101212001020 (base 4) to base 16.
466048
Convert -2202120000202 (base 3) to base 12.
-5a92b5
Convert 2495215 (base 10) to base 14.
48d499
Convert -1012333304 (base 5) to base 4.
-13322121130
Convert 103c2 (base 16) to base 15.
14a83
-2d875c (base 15) to base 11
-1277064
Convert -281a0 (base 16) to base 3.
-22100022120
What is 1132226 (base 7) in base 3?
21020102102
138b6 (base 12) to base 7
142221
What is -111524 (base 9) in base 4?
-100103032
What is -1750d (base 16) in base 12?
-47325
What is -57964 (base 10) in base 8?
-161154
501078 (base 11) to base 15
10e031
Convert 1001111111110101 (base 2) to base 5.
2302244
-89334 (base 16) to base 9
-1045783
What is -2300310322 (base 4) in base 7?
-6104416
12101230 (base 4) to base 9
38234
22229 (base 14) to base 7
463152
20011002120200 (base 3) to base 5
1314104014
Convert 1421550 (base 6) to base 9.
132723
Convert -5aba6 (base 14) to base 16.
-3627e
Convert -21543552 (base 6) to base 3.
-1020002121212
10011101101010100 (base 2) to base 10
80724
Convert -188eb (base 16) to base 5.
-11204322
Convert 1000133311123 (base 4) to base 3.
1011210222212211
Convert 73836 (base 9) to base 6.
1013523
What is 1000100101100110110 (base 2) in base 3?
112022000011
What is 985271 (base 11) in base 7?
16242434
What is 578a291 (base 12) in base 8?
100230415
40387 (base 13) to base 5
12133422
Convert -10010111100110001011 (base 2) to base 9.
-1145682
-4fbdc (base 16) to base 3
-121121001001
What is 10010020002102 (base 3) in base 13?
46076c
What is -102202120012000 (base 3) in base 16?
-5f6055
Convert 1062259 (base 10) to base 3.
1222222010221
-f910b (base 16) to base 7
-11446155
What is -154a8 (base 16) in base 15?
-1ac8d
-7677241 (base 8) to base 15
-2ab873
What is 1000001 (base 4) in base 7?
14642
What is dc53b (base 16) in base 9?
1624842
What is 215430 (base 10) in base 5?
23343210
Convert 1402348 (base 9) to base 3.
1110002101122
What is 2706083 (base 9) in base 11?
9214a8
-2356a8 (base 11) to base 14
-9a1a4
Convert -113132 (base 8) to base 7.
-220134
Convert 273c1 (base 14) to base 9.
156702
b5806a (base 14) to base 9
12473032
Convert 10010111000110101010 (base 2) to base 8.
2270652
-10101000011101011100101 (base 2) to base 16
-543ae5
Convert -1994608 (base 10) to base 2.
-111100110111101110000
Convert 1740684 (base 9) to base 15.
142d2a
-2b816d (base 16) to base 14
-5430bb
What is 849 (ba